de 491?
False
Is 1806 a multiple of 129?
True
Is 7 a factor of 442?
False
Is 28 a factor of 97033?
False
Is 172 a multiple of 71?
False
Does 2 divide 29?
False
Is 53 a multiple of 11?
False
Does 20 divide 881?
False
Does 81 divide 35883?
True
Is 36 a factor of 1044?
True
Is 21 a factor of 10962?
True
Does 28 divide 1115?
False
Does 95 divide 28023?
False
Does 12 divide 900?
True
Is 1674 a multiple of 6?
True
Is 126 a multiple of 9?
True
Is 85 a factor of 25075?
True
Is 8 a factor of 2132?
False
Is 1342 a multiple of 8?
False
Does 31 divide 1197?
False
Does 3 divide 39?
True
Is 10575 a multiple of 47?
True
Does 14 divide 3878?
True
Is 4 a factor of 7484?
True
Does 221 divide 33371?
True
Does 84 divide 20748?
True
Does 30 divide 1141?
False
Is 12 a factor of 384?
True
Is 16 a factor of 881?
False
Is 13 a factor of 4288?
False
Is 4356 a multiple of 79?
False
Is 9743 a multiple of 121?
False
Is 651 a multiple of 21?
True
Does 128 divide 10461?
False
Is 98 a multiple of 11?
False
Is 2710 a multiple of 2?
True
Is 5 a factor of 433?
False
Does 14 divide 33583?
False
Is 11 a factor of 36542?
True
Is 12613 a multiple of 17?
False
Is 16 a factor of 34480?
True
Does 21 divide 1130?
False
Is 4 a factor of 585?
False
Is 42 a factor of 95?
False
Is 74 a factor of 16354?
True
Does 89 divide 89?
True
Does 43 divide 8057?
False
Is 11 a factor of 74?
False
Does 10 divide 24606?
False
Is 180 a factor of 11672?
False
Is 75 a factor of 3944?
False
Is 14256 a multiple of 18?
True
Does 85 divide 25925?
True
Does 19 divide 2514?
False
Is 6752 a multiple of 16?
True
Is 714 a multiple of 21?
True
Is 9 a factor of 101?
False
Is 1577 a multiple of 9?
False
Does 19 divide 449?
False
Does 32 divide 31461?
False
Is 4 a factor of 153?
False
Is 52 a factor of 771?
False
Is 69 a factor of 23667?
True
Is 31 a factor of 2679?
False
Is 43 a multiple of 43?
True
Is 88 a factor of 3168?
True
Is 28 a factor of 2932?
False
Is 15609 a multiple of 43?
True
Is 12 a factor of 912?
True
Is 7425 a multiple of 33?
True
Does 34 divide 66?
False
Is 33397 a multiple of 13?
True
Is 1050 a multiple of 64?
False
Is 40 a factor of 28440?
True
Is 3 a factor of 186?
True
Does 65 divide 29539?
False
Does 14 divide 2229?
False
Is 2496 a multiple of 26?
True
Is 8 a factor of 3974?
False
Is 1491 a multiple of 12?
False
Is 5 a factor of 1750?
True
Does 35 divide 10386?
False
Is 25192 a multiple of 188?
True
Is 105 a factor of 12129?
False
Does 5 divide 219?
False
Is 7826 a multiple of 43?
True
Is 13 a factor of 2197?
True
Does 21 divide 84483?
True
Is 3168 a multiple of 12?
True
Is 228 a multiple of 8?
False
Is 132469 a multiple of 17?
False
Does 9 divide 6679?
False
Is 8 a factor of 10080?
True
Is 13634 a multiple of 34?
True
Is 204 a multiple of 2?
True
Is 1540 a multiple of 20?
True
Does 55 divide 6490?
True
Is 36378 a multiple of 49?
False
Is 100485 a multiple of 17?
False
Is 3 a factor of 137?
False
Is 13 a factor of 46956?
True
Does 70 divide 26227?
False
Is 61 a factor of 1789?
False
Is 17 a factor of 20400?
True
Is 99 a factor of 1155?
False
Is 2112 a multiple of 3?
True
Is 1782 a multiple of 54?
True
Is 215 a factor of 68155?
True
Does 10 divide 3110?
True
Is 15 a factor of 18496?
False
Is 1169 a multiple of 7?
True
Does 44 divide 8981?
False
Is 8 a factor of 315?
False
Is 3280 a multiple of 32?
False
Is 192 a multiple of 15?
False
Is 13920 a multiple of 25?
False
Does 14 divide 1106?
True
Does 4 divide 21818?
False
Is 7 a factor of 4151?
True
Is 7285 a multiple of 27?
False
Is 756 a multiple of 28?
True
Is 6927 a multiple of 36?
False
Does 3 divide 120?
True
Is 15 a factor of 52005?
True
Is 4 a factor of 8?
True
Is 72 a factor of 8235?
False
Is 12 a factor of 168?
True
Is 43 a factor of 1509?
False
Does 9 divide 1746?
True
Is 1034 a multiple of 11?
True
Is 20 a factor of 32520?
True
Is 30 a multiple of 3?
True
Is 35 a multiple of 5?
True
Does 25 divide 842?
False
Does 8 divide 192?
True
Does 68 divide 1428?
True
Is 20 a multiple of 16?
False
Is 6155 a multiple of 23?
False
Does 14 divide 3542?
True
Is 32 a factor of 8768?
True
Is 1421 a multiple of 7?
True
Is 10 a factor of 1851?
False
Is 24791 a multiple of 13?
True
Is 93251 a multiple of 19?
False
Does 201 divide 28140?
True
Does 67 divide 95609?
True
Is 19285 a multiple of 203?
True
Is 6 a factor of 99?
False
Does 46 divide 21193?
False
Is 59 a factor of 67026?
False
Does 35 divide 4553?
False
Is 79 a factor of 6915?
False
Is 82314 a multiple of 102?
True
Is 28 a factor of 333?
False
Does 39 divide 702?
True
Does 19 divide 9296?
False
Is 16405 a multiple of 193?
True
Does 90 divide 990?
True
Is 99 a factor of 74448?
True
Is 62 a factor of 8432?
True
Is 528 a multiple of 4?
True
Is 5 a factor of 3000?
True
Is 2773 a multiple of 47?
True
Is 141 a factor of 1366?
False
Does 16 divide 6256?
True
Is 20 a factor of 3940?
True
Is 294 a multiple of 147?
True
Is 17 a factor of 54179?
True
Is 2236 a multiple of 86?
True
Is 715 a multiple of 11?
True
Is 396 a multiple of 44?
True
Is 11535 a multiple of 32?
False
Does 180 divide 25188?
False
Is 63 a factor of 1778?
False
Is 133 a multiple of 3?
False
Is 120401 a multiple of 43?
False
Does 17 divide 3377?
False
Is 5 a multiple of 3?
False
Is 18 a factor of 8735?
False
Is 29 a factor of 226?
False
Does 9 divide 76?
False
Is 2 a factor of 168?
True
Is 5752 a multiple of 111?
False
Is 58 a factor of 43022?
False
Is 6 a factor of 682?
False
Is 6 a factor of 144?
True
Does 4 divide 4?
True
Does 57 divide 6866?
False
Is 891 a multiple of 27?
True
Is 12 a factor of 7131?
False
Does 11 divide 610?
False
Does 89 divide 23068?
False
Is 81 a factor of 5716?
False
Is 154 a multiple of 14?
True
Is 117 even?
False
Is 16 a factor of 18016?
True
Is 14 a factor of 294?
True
Is 6177 a multiple of 29?
True
Does 41 divide 1763?
True
Is 166 a factor of 41168?
True
Is 38 a factor of 72162?
True
Does 19 divide 26857?
False
Is 8658 a multiple of 37?
True
Does 15 divide 2130?
True
Is 23 a factor of 1309?
False
Does 7 divide 1924?
False
Is 1105 a multiple of 62?
False
Does 2 divide 96?
True
Does 47 divide 5969?
True
Does 10 divide 556?
False
Is 37 a factor of 3554?
False
Does 52 divide 208?
True
Is 10 a factor of 1499?
False
Is 903 a multiple of 2?
False
Is 21 a factor of 84?
True
Is 5627 a multiple of 189?
False
Is 24 a factor of 963?
False
Does 4 divide 76?
True
Is 11 a factor of 14333?
True
Does 13 divide 767?
True
Is 8 a factor of 616?
True
Is 58 a factor of 1506?
False
Does 10 divide 2260?
True
Does 202 divide 35913?
False
Is 75419 a multiple of 18?
False
Does 29 divide 17313?
True
Is 106 a factor of 6360?
True
Is 8 a factor of 9490?
False
Does 92 divide 266?
False
Is 540 a multiple of 60?
True
Is 7 a factor of 7035?
True
Is 3372 a multiple of 4?
True
Does 15 divide 15?
True
Does 38 divide 54328?
False
Does 4 divide 402?
False
Is 61303 a multiple of 28?
False
Is 77 a factor of 1465?
False
Does 7 divide 31878?
True
Is 1430 a multiple of 55?
True
Is 663 a multiple of 13?
True
Is 2163 a multiple of 204?
False
Does 35 divide 1680?
True
Does 16 divide 63680?
True
Is 67841 a multiple of 379?
True
Is 28 a factor of 92?
False
Is 46 a factor of 1104?
True
Is 10 a factor of 24410?
True
Is 202 a multiple of 22?
False
Does 20 divide 1663?
False
Is 10 a factor of 290?
True
Is 327 a multiple of 14?
False
Does 4 divide 95?
False
Is 6228 a multiple of 15?
False
Is 61 a factor of 83409?
False
Is 57 a factor of 4098?
False
Does 2 divide 3443?
False
Is 6148 a multiple of 5?
False
Does 28 divide 837?
False
Is 7 a factor of 1622?
False
Is 8704 a multiple of 77?
False
Is 10570 a multiple of 14?
True
Is 37 a factor of 3922?
True
Is 12348 a multiple of 126?
True
Is 34 a factor of 2958?
True
Does 133 divide 2438?
False
Is 7618 a multiple of 26?
True
Does 26 divide 1006?
False
Is 52 a factor of 1829?
False
Is 20 a factor of 24680?
True
Is 20552 a multiple of 56?
True
Does 20 divide 9500?
True
Does 7 divide 238?
True
Is 19 a factor of 456?
True
Is 374 a multiple of 22?
True
Does 70 divide 35140?
True
Does 5 divide 6138?
False
Is 20559 a multiple of 33?
True
Is 10845 a multiple of 30?
False
Is 10 a factor of 598?
False
Is 91 a factor of 8463?
True
Does 25 divide 175?
True
Is 1408 a multiple of 11?
True
Is 12 a factor of 15120?
True
Is 21 a factor 